{"id":9,"date":"2013-05-31T08:44:43","date_gmt":"2013-05-31T08:44:43","guid":{"rendered":"http:\/\/us-themes.com\/wp\/Vittoria\/?page_id=2"},"modified":"2021-10-12T17:53:17","modified_gmt":"2021-10-12T17:53:17","slug":"sample-page-2","status":"publish","type":"page","link":"https:\/\/teamrappi.cl\/","title":{"rendered":"Home"},"content":{"rendered":"<section class=\"l-section wpb_row height_auto\" style=\"margin-top: 35px !important;margin-right: 0px !important;margin-bottom: 0px !important;margin-left: 0px !important;padding-top: 0px !important;padding-right: 0px !important;padding-bottom: 0px !important;padding-left: 0px !important;\"><div class=\"l-section-h i-cf\"><div class=\"g-cols vc_row type_default valign_top\"><div class=\"vc_col-sm-12 wpb_column vc_column_container\"><div class=\"vc_column-inner\"><div class=\"wpb_wrapper\">[rev_slider_vc alias=\u00bbrapi\u00bb]<\/div><\/div><\/div><\/div><\/div><\/section><section class=\"l-section wpb_row height_medium width_full\" id=\"team\"><div class=\"l-section-h i-cf\"><div class=\"g-cols vc_row type_default valign_top\"><div class=\"vc_col-sm-6 wpb_column vc_column_container has-fill\"><div class=\"vc_column-inner  vc_custom_1532377774686 color_custom\" style=\"color:#ffffff;\"><div class=\"wpb_wrapper\"><div class=\"w-iconbox iconpos_top style_default color_primary no_text icontype_img\"><div class=\"w-iconbox-icon\" style=\"font-size:140px;\"><img src=\"https:\/\/teamrappi.cl\/wp-content\/uploads\/2018\/07\/reloj.png\" width=\"240\" height=\"240\" alt=\"Team Rappi en la Oficina\"><\/div><h4 class=\"w-iconbox-title\">Team Rappi en la Oficina<\/h4><\/div><div class=\"w-btn-wrapper align_center\"><a class=\"w-btn style_solid color_primary icon_none bajala\" href=\"#for-of\"><span class=\"w-btn-label\">Contactar al team<\/span><\/a><\/div><\/div><\/div><\/div><div class=\"vc_col-sm-6 wpb_column vc_column_container has-fill\"><div class=\"vc_column-inner  vc_custom_1532460834752 color_custom\" style=\"color:#ffffff;\"><div class=\"wpb_wrapper\"><div class=\"w-iconbox iconpos_top style_default color_primary no_text icontype_img\"><div class=\"w-iconbox-icon\" style=\"font-size:140px;\"><img src=\"https:\/\/teamrappi.cl\/wp-content\/uploads\/2018\/07\/len-jo.png\" width=\"1768\" height=\"702\" alt=\"Team Rappi para eventos\"><\/div><h4 class=\"w-iconbox-title\">Team Rappi para eventos<\/h4><\/div><div class=\"w-btn-wrapper align_center\"><a class=\"w-btn style_solid color_primary icon_none bajala\" href=\"#for-par\"><span class=\"w-btn-label\">Contactar al Team<\/span><\/a><\/div><\/div><\/div><\/div><\/div><\/div><\/section><section class=\"l-section wpb_row height_medium width_full with_img parallax_ver parallax_xpos_left\" style=\"padding-top: 10rem !important;padding-bottom: 10rem !important;\"><div class=\"l-section-img\" style=\"background-image: url(https:\/\/teamrappi.cl\/wp-content\/uploads\/2018\/07\/offun.png);background-position: top left;\" data-img-width=\"1920\" data-img-height=\"854\"><\/div><div class=\"l-section-h i-cf\"><div class=\"g-cols vc_row type_default valign_top\"><div class=\"vc_col-sm-6 wpb_column vc_column_container\"><div class=\"vc_column-inner color_custom\" style=\"color:#a8b6f4;\"><div class=\"wpb_wrapper\">\r\n\t<div class=\"wpb_text_column \">\r\n\t\t<div class=\"wpb_wrapper\">\r\n\t\t\t<h3 style=\"text-align: center;\">Pide un <b>Rappi break entretenido<\/b> para tu equipo<\/h3>\n\r\n\t\t<\/div>\r\n\t<\/div>\r\n<\/div><\/div><\/div><div class=\"vc_col-sm-6 wpb_column vc_column_container\"><div class=\"vc_column-inner\"><div class=\"wpb_wrapper\"><\/div><\/div><\/div><\/div><\/div><\/section><section class=\"l-section wpb_row height_medium with_img\" id=\"for-of\"><div class=\"l-section-img\" style=\"background-image: url(https:\/\/teamrappi.cl\/wp-content\/uploads\/2018\/07\/adasdasdasdasda.jpg);\" data-img-width=\"1000\" data-img-height=\"666\"><\/div><div class=\"l-section-h i-cf\"><div class=\"g-cols vc_row type_default valign_top\"><div class=\"vc_col-sm-6 wpb_column vc_column_container\"><div class=\"vc_column-inner  vc_custom_1532463265808 color_custom\" style=\"color:#ffffff;\"><div class=\"wpb_wrapper\">\r\n\t<div class=\"wpb_text_column \">\r\n\t\t<div class=\"wpb_wrapper\">\r\n\t\t\t<h1 style=\"text-align: left;\">Anota tus datos y participa para que el\u00a0<b>Team Rappi<\/b> vaya a tu oficina.<\/h1>\n\r\n\t\t<\/div>\r\n\t<\/div>\r\n<\/div><\/div><\/div><div class=\"vc_col-sm-6 wpb_column vc_column_container\"><div class=\"vc_column-inner  vc_custom_1532450457734 color_custom\" style=\"color:#ffffff;\"><div class=\"wpb_wrapper\"><div role=\"form\" class=\"wpcf7\" id=\"wpcf7-f3570-o1\" lang=\"es-ES\" dir=\"ltr\">\n<div class=\"screen-reader-response\"><p role=\"status\" aria-live=\"polite\" aria-atomic=\"true\"><\/p> <ul><\/ul><\/div>\n<form action=\"\/index.php\/wp-json\/wp\/v2\/pages\/9#wpcf7-f3570-o1\" method=\"post\" class=\"wpcf7-form init\" novalidate=\"novalidate\" data-status=\"init\">\n<div style=\"display: none;\">\n<input type=\"hidden\" name=\"_wpcf7\" value=\"3570\" \/>\n<input type=\"hidden\" name=\"_wpcf7_version\" value=\"5.5.1\" \/>\n<input type=\"hidden\" name=\"_wpcf7_locale\" value=\"es_ES\" \/>\n<input type=\"hidden\" name=\"_wpcf7_unit_tag\" value=\"wpcf7-f3570-o1\" \/>\n<input type=\"hidden\" name=\"_wpcf7_container_post\" value=\"0\" \/>\n<input type=\"hidden\" name=\"_wpcf7_posted_data_hash\" value=\"\" \/>\n<\/div>\n<div class=\"mitad\"><label> Nombre de Empresa<span class=\"wpcf7-form-control-wrap empresa\"><input type=\"text\" name=\"empresa\" value=\"\" size=\"40\" class=\"wpcf7-form-control wpcf7-text wpcf7-validates-as-required\" id=\"empresa\" aria-required=\"true\" aria-invalid=\"false\" \/><\/span><\/label><\/div>\n<div class=\"mitad margen\"><label>Cantidad de trabajadores<span class=\"wpcf7-form-control-wrap trabajadores\"><input type=\"number\" name=\"trabajadores\" value=\"\" class=\"wpcf7-form-control wpcf7-number wpcf7-validates-as-required wpcf7-validates-as-number\" id=\"trabaja\" aria-required=\"true\" aria-invalid=\"false\" \/><\/span><\/label><\/div>\n<div class=\"mitad\"><label>Direcci\u00f3n<span class=\"wpcf7-form-control-wrap direccion\"><input type=\"text\" name=\"direccion\" value=\"\" size=\"40\" class=\"wpcf7-form-control wpcf7-text wpcf7-validates-as-required\" id=\"direccion\" aria-required=\"true\" aria-invalid=\"false\" \/><\/span><\/label><\/div>\n<div class=\"mitad margen\"><label>Comuna<span class=\"wpcf7-form-control-wrap menu-537\"><select name=\"menu-537\" class=\"wpcf7-form-control wpcf7-select wpcf7-validates-as-required\" aria-required=\"true\" aria-invalid=\"false\"><option value=\"\">---<\/option><option value=\"Cerrillos\">Cerrillos<\/option><option value=\"Cerro Navia\">Cerro Navia<\/option><option value=\"Conchal\u00ed\">Conchal\u00ed<\/option><option value=\"El Bosque\">El Bosque<\/option><option value=\"Estaci\u00f3n Central\">Estaci\u00f3n Central<\/option><option value=\"Huechuraba\">Huechuraba<\/option><option value=\"Independencia\">Independencia<\/option><option value=\"La Cisterna\">La Cisterna<\/option><option value=\"La Florida\">La Florida<\/option><option value=\"La Granja\">La Granja<\/option><option value=\"La Pintana\">La Pintana<\/option><option value=\"La Reina\">La Reina<\/option><option value=\"Las Condes\">Las Condes<\/option><option value=\"Lo Barnechea\">Lo Barnechea<\/option><option value=\"Lo Espejo\">Lo Espejo<\/option><option value=\"Lo Prado\">Lo Prado<\/option><option value=\"Macul\">Macul<\/option><option value=\"Maip\u00fa\">Maip\u00fa<\/option><option value=\"\u00d1u\u00f1oa\">\u00d1u\u00f1oa<\/option><option value=\"Padre Hurtado\">Padre Hurtado<\/option><option value=\"Pedro Aguirre Cerda\">Pedro Aguirre Cerda<\/option><option value=\"Pe\u00f1alol\u00e9n\">Pe\u00f1alol\u00e9n<\/option><option value=\"Pirque\">Pirque<\/option><option value=\"Providencia\">Providencia<\/option><option value=\"Pudahuel\">Pudahuel<\/option><option value=\"Puente Alto\">Puente Alto<\/option><option value=\"Quilicura\">Quilicura<\/option><option value=\"Quinta Normal\">Quinta Normal<\/option><option value=\"Recoleta\">Recoleta<\/option><option value=\"Renca\">Renca<\/option><option value=\"San Bernardo\">San Bernardo<\/option><option value=\"San Joaqu\u00edn\">San Joaqu\u00edn<\/option><option value=\"San Jos\u00e9 de Maipo\">San Jos\u00e9 de Maipo<\/option><option value=\"San Miguel\">San Miguel<\/option><option value=\"San Ram\u00f3n\">San Ram\u00f3n<\/option><option value=\"Santiago\">Santiago<\/option><option value=\"Vitacura\">Vitacura<\/option><\/select><\/span><\/label><\/div>\n<div class=\"mitad\"><label>Tu nombre<span class=\"wpcf7-form-control-wrap your-name\"><input type=\"text\" name=\"your-name\" value=\"\" size=\"40\" class=\"wpcf7-form-control wpcf7-text wpcf7-validates-as-required\" aria-required=\"true\" aria-invalid=\"false\" \/><\/span><\/label><\/div>\n<div class=\"mitad margen\"><label>Tel\u00e9fono<span class=\"wpcf7-form-control-wrap telefono\"><input type=\"tel\" name=\"telefono\" value=\"\" size=\"40\" class=\"wpcf7-form-control wpcf7-text wpcf7-tel wpcf7-validates-as-required wpcf7-validates-as-tel\" id=\"tel\" aria-required=\"true\" aria-invalid=\"false\" \/><\/span><\/label><\/div>\n<p><label>Correo electr\u00f3nico<span class=\"wpcf7-form-control-wrap your-email\"><input type=\"email\" name=\"your-email\" value=\"\" size=\"40\" class=\"wpcf7-form-control wpcf7-text wpcf7-email wpcf7-validates-as-required wpcf7-validates-as-email\" aria-required=\"true\" aria-invalid=\"false\" \/><\/span><\/label><\/p>\n<p><label>Cargo de contacto <span class=\"wpcf7-form-control-wrap cargo\"><input type=\"text\" name=\"cargo\" value=\"\" size=\"40\" class=\"wpcf7-form-control wpcf7-text wpcf7-validates-as-required\" id=\"cargo\" aria-required=\"true\" aria-invalid=\"false\" \/><\/span><\/label><\/p>\n<p><input type=\"submit\" value=\"Enviar\" class=\"wpcf7-form-control has-spinner wpcf7-submit\" \/><\/p>\n<div class=\"wpcf7-response-output\" aria-hidden=\"true\"><\/div><\/form><\/div><\/div><\/div><\/div><\/div><\/div><\/section><section class=\"l-section wpb_row height_medium width_full with_img parallax_ver parallax_xpos_left\" style=\"padding-top: 10rem !important;padding-bottom: 10rem !important;\"><div class=\"l-section-img\" style=\"background-image: url(https:\/\/teamrappi.cl\/wp-content\/uploads\/2018\/07\/parpar.png);background-position: top left;\" data-img-width=\"1920\" data-img-height=\"854\"><\/div><div class=\"l-section-h i-cf\"><div class=\"g-cols vc_row type_default valign_top\"><div class=\"vc_col-sm-6 wpb_column vc_column_container\"><div class=\"vc_column-inner color_custom\" style=\"color:#9ae3c8;\"><div class=\"wpb_wrapper\">\r\n\t<div class=\"wpb_text_column \">\r\n\t\t<div class=\"wpb_wrapper\">\r\n\t\t\t<h3 style=\"text-align: center;\">Sorprende a tus invitados con el <b>Rappi Team<\/b><\/h3>\n\r\n\t\t<\/div>\r\n\t<\/div>\r\n<\/div><\/div><\/div><div class=\"vc_col-sm-6 wpb_column vc_column_container\"><div class=\"vc_column-inner\"><div class=\"wpb_wrapper\"><\/div><\/div><\/div><\/div><\/div><\/section><section class=\"l-section wpb_row height_medium with_img\" id=\"for-par\" style=\"padding-top: 10rem !important;padding-bottom: 10rem !important;\"><div class=\"l-section-img\" style=\"background-image: url(https:\/\/teamrappi.cl\/wp-content\/uploads\/2018\/07\/fifififif.jpg);\" data-img-width=\"1000\" data-img-height=\"666\"><\/div><div class=\"l-section-h i-cf\"><div class=\"g-cols vc_row type_default valign_top\"><div class=\"vc_col-sm-6 wpb_column vc_column_container\"><div class=\"vc_column-inner  vc_custom_1532469444937 color_custom\" style=\"color:#ffffff;\"><div class=\"wpb_wrapper\">\r\n\t<div class=\"wpb_text_column \">\r\n\t\t<div class=\"wpb_wrapper\">\r\n\t\t\t<h1 style=\"text-align: left;\">Anota tus datos y participa para que el\u00a0<b>Team Rappi<\/b> vaya a tu evento.<\/h1>\n\r\n\t\t<\/div>\r\n\t<\/div>\r\n<\/div><\/div><\/div><div class=\"vc_col-sm-6 wpb_column vc_column_container\"><div class=\"vc_column-inner  vc_custom_1532469575305 color_custom\" style=\"color:#ffffff;\"><div class=\"wpb_wrapper\"><div role=\"form\" class=\"wpcf7\" id=\"wpcf7-f3634-o2\" lang=\"es-ES\" dir=\"ltr\">\n<div class=\"screen-reader-response\"><p role=\"status\" aria-live=\"polite\" aria-atomic=\"true\"><\/p> <ul><\/ul><\/div>\n<form action=\"\/index.php\/wp-json\/wp\/v2\/pages\/9#wpcf7-f3634-o2\" method=\"post\" class=\"wpcf7-form init\" novalidate=\"novalidate\" data-status=\"init\">\n<div style=\"display: none;\">\n<input type=\"hidden\" name=\"_wpcf7\" value=\"3634\" \/>\n<input type=\"hidden\" name=\"_wpcf7_version\" value=\"5.5.1\" \/>\n<input type=\"hidden\" name=\"_wpcf7_locale\" value=\"es_ES\" \/>\n<input type=\"hidden\" name=\"_wpcf7_unit_tag\" value=\"wpcf7-f3634-o2\" \/>\n<input type=\"hidden\" name=\"_wpcf7_container_post\" value=\"0\" \/>\n<input type=\"hidden\" name=\"_wpcf7_posted_data_hash\" value=\"\" \/>\n<\/div>\n<div class=\"mitad\"><label>Nombre del evento<span class=\"wpcf7-form-control-wrap event\"><input type=\"text\" name=\"event\" value=\"\" size=\"40\" class=\"wpcf7-form-control wpcf7-text wpcf7-validates-as-required\" id=\"evento\" aria-required=\"true\" aria-invalid=\"false\" \/><\/span><\/label><\/div>\n<div class=\"mitad margen\"><label>Cantidad de asistentes<span class=\"wpcf7-form-control-wrap asistentes\"><input type=\"text\" name=\"asistentes\" value=\"\" size=\"40\" class=\"wpcf7-form-control wpcf7-text wpcf7-validates-as-required\" id=\"asistentes\" aria-required=\"true\" aria-invalid=\"false\" \/><\/span><\/label><\/div>\n<div class=\"mitad\"><label>Nombre contacto<span class=\"wpcf7-form-control-wrap nom-contacto\"><input type=\"text\" name=\"nom-contacto\" value=\"\" size=\"40\" class=\"wpcf7-form-control wpcf7-text wpcf7-validates-as-required\" id=\"asistentesnom-contacto\" aria-required=\"true\" aria-invalid=\"false\" \/><\/span><\/label><\/div>\n<div class=\"mitad margen\"><label>Tel\u00e9fono contacto<span class=\"wpcf7-form-control-wrap telefono-cont\"><input type=\"text\" name=\"telefono-cont\" value=\"\" size=\"40\" class=\"wpcf7-form-control wpcf7-text wpcf7-validates-as-required\" id=\"telefono-cont\" aria-required=\"true\" aria-invalid=\"false\" \/><\/span><\/label><\/div>\n<div class=\"mitad\"><label>Mail de contacto<span class=\"wpcf7-form-control-wrap mail-fiesta\"><input type=\"text\" name=\"mail-fiesta\" value=\"\" size=\"40\" class=\"wpcf7-form-control wpcf7-text wpcf7-validates-as-required\" id=\"mail-fiesta\" aria-required=\"true\" aria-invalid=\"false\" \/><\/span><\/label><\/div>\n<div class=\"mitad margen\"><label>Cargo de contacto<span class=\"wpcf7-form-control-wrap cargo-contacto\"><input type=\"text\" name=\"cargo-contacto\" value=\"\" size=\"40\" class=\"wpcf7-form-control wpcf7-text wpcf7-validates-as-required\" id=\"mail-fiestacargo-contacto\" aria-required=\"true\" aria-invalid=\"false\" \/><\/span><\/label><\/div>\n<div class=\"baja-s\"><input type=\"submit\" value=\"Enviar\" class=\"wpcf7-form-control has-spinner wpcf7-submit\" \/><\/div>\n<div class=\"wpcf7-response-output\" aria-hidden=\"true\"><\/div><\/form><\/div><\/div><\/div><\/div><\/div><\/div><\/section>\n","protected":false},"excerpt":{"rendered":"[rev_slider_vc alias=\"rapi\"]Team Rappi en la OficinaContactar al teamTeam Rappi para eventosContactar al Team Pide un Rappi break entretenido para tu equipo Anota tus datos y participa para que el\u00a0Team Rappi vaya a tu oficina. Nombre de Empresa Cantidad de trabajadores Direcci\u00f3n Comuna---CerrillosCerro NaviaConchal\u00edEl BosqueEstaci\u00f3n CentralHuechurabaIndependenciaLa CisternaLa FloridaLa GranjaLa PintanaLa ReinaLas CondesLo BarnecheaLo EspejoLo PradoMaculMaip\u00fa\u00d1u\u00f1oaPadre HurtadoPedro...","protected":false},"author":2,"featured_media":0,"parent":0,"menu_order":0,"comment_status":"closed","ping_status":"closed","template":"","meta":[],"_links":{"self":[{"href":"https:\/\/teamrappi.cl\/index.php\/wp-json\/wp\/v2\/pages\/9"}],"collection":[{"href":"https:\/\/teamrappi.cl\/index.php\/wp-json\/wp\/v2\/pages"}],"about":[{"href":"https:\/\/teamrappi.cl\/index.php\/wp-json\/wp\/v2\/types\/page"}],"author":[{"embeddable":true,"href":"https:\/\/teamrappi.cl\/index.php\/wp-json\/wp\/v2\/users\/2"}],"replies":[{"embeddable":true,"href":"https:\/\/teamrappi.cl\/index.php\/wp-json\/wp\/v2\/comments?post=9"}],"version-history":[{"count":139,"href":"https:\/\/teamrappi.cl\/index.php\/wp-json\/wp\/v2\/pages\/9\/revisions"}],"predecessor-version":[{"id":3640,"href":"https:\/\/teamrappi.cl\/index.php\/wp-json\/wp\/v2\/pages\/9\/revisions\/3640"}],"wp:attachment":[{"href":"https:\/\/teamrappi.cl\/index.php\/wp-json\/wp\/v2\/media?parent=9"}],"curies":[{"name":"wp","href":"https:\/\/api.w.org\/{rel}","templated":true}]}}